prime number?
True
Is 14012272353 composite?
True
Is 34054225537 composite?
False
Is 2149358986 composite?
True
Is 10451579993 a composite number?
False
Is 46525117477 prime?
True
Is 349149151 composite?
True
Is 62431125557 a prime number?
False
Is 17092482551 prime?
True
Is 7162349503 a composite number?
False
Is 1476588209 a prime number?
False
Is 4455353543 a prime number?
True
Is 35074801213 a composite number?
False
Is 23865060566 a prime number?
False
Is 9914811391 prime?
True
Is 1549764407 composite?
False
Is 2500867417 a prime number?
True
Is 79489882363 a prime number?
False
Is 828724321 prime?
True
Is 4708321109 composite?
False
Is 13126375357 a prime number?
False
Is 14903349463 a composite number?
False
Is 6180141449 a prime number?
True
Is 7651808999 a composite number?
True
Is 6388199981 a composite number?
False
Is 476841559 a composite number?
False
Is 363166887097 composite?
True
Is 536475179 a composite number?
True
Is 3009324863 a composite number?
True
Is 38695974631 composite?
False
Is 183731247239 composite?
False
Is 85863599 a prime number?
False
Is 3786664649 prime?
False
Is 15724166219 prime?
False
Is 11290727303 prime?
True
Is 482540593 a prime number?
True
Is 361502353 composite?
True
Is 74881861627 a composite number?
True
Is 79229641 composite?
True
Is 103276199111 prime?
False
Is 10532958221 a prime number?
False
Is 529167953 prime?
False
Is 756537659 a composite number?
False
Is 136786427963 prime?
True
Is 4758000329 prime?
False
Is 1332990797 a composite number?
False
Is 664790209 prime?
False
Is 198913573 composite?
False
Is 3280197757 composite?
True
Is 355363693 a composite number?
False
Is 287616877 composite?
False
Is 951672083 a prime number?
False
Is 18296144047 composite?
True
Is 300468971509 a composite number?
True
Is 98187337 composite?
False
Is 502742899 composite?
False
Is 3523663057 a prime number?
True
Is 34991498433 a prime number?
False
Is 1850078017 a prime number?
False
Is 54599323 a prime number?
True
Is 158767440551 a prime number?
True
Is 7966252219 a composite number?
True
Is 1147017661 prime?
True
Is 2695571653 a composite number?
False
Is 1804948117 prime?
False
Is 4343171069 prime?
False
Is 3063852823 prime?
False
Is 406143149 prime?
True
Is 1027658785 composite?
True
Is 205072938985 a prime number?
False
Is 2060331797 a composite number?
False
Is 37367627 a prime number?
False
Is 1189648723 a composite number?
False
Is 373752473 a prime number?
False
Is 346988381 a prime number?
False
Is 567850373 composite?
False
Is 85373768071 composite?
True
Is 1204782967 prime?
True
Is 1240479637 a composite number?
True
Is 195291796465 prime?
False
Is 563013889 a prime number?
True
Is 144459194249 a composite number?
False
Is 268869347 a prime number?
False
Is 13994646229 a prime number?
True
Is 10785309805 a composite number?
True
Is 121613579 composite?
False
Is 65161922467 a prime number?
False
Is 9336113 a composite number?
True
Is 3890799161 prime?
False
Is 14906870885 a prime number?
False
Is 22950162271 composite?
True
Is 1527492623 prime?
False
Is 16765529969 a prime number?
False
Is 366570367 a prime number?
True
Is 41715703 composite?
False
Is 15479127817 prime?
True
Is 1503964193 a composite number?
True
Is 1416198369 composite?
True
Is 428670269 composite?
False
Is 25562228061 a composite number?
True
Is 1611047017 a composite number?
False
Is 15651117143 a composite number?
False
Is 46152313043 a prime number?
True
Is 1289221121 prime?
True
Is 9289988039 a composite number?
True
Is 5452813001 prime?
False
Is 12236328421 prime?
True
Is 2819914261 prime?
True
Is 123503024587 prime?
False
Is 967563697 a prime number?
False
Is 2737219339 a prime number?
False
Is 910586497 a prime number?
True
Is 31034161679 composite?
False
Is 697142261 a prime number?
False
Is 2080948127 a composite number?
False
Is 995020777 a prime number?
True
Is 4293293617 a prime number?
True
Is 692049199 prime?
False
Is 5280144873 prime?
False
Is 20136001283 prime?
False
Is 56561399 a composite number?
False
Is 1111515047 prime?
True
Is 996044327 composite?
False
Is 668794327 prime?
False
Is 645615767 prime?
True
Is 364836431 a prime number?
True
Is 37357477273 prime?
True
Is 60554688011 a prime number?
True
Is 389135258 a composite number?
True
Is 35973133 composite?
True
Is 1548273371 composite?
True
Is 8314550401 a composite number?
False
Is 9544226053 composite?
True
Is 3709294858 composite?
True
Is 99310396999 prime?
False
Is 5132267467 composite?
True
Is 234520580483 composite?
True
Is 318760501 composite?
True
Is 30116944067 a composite number?
True
Is 530242799 a prime number?
False
Is 3981020213 composite?
False
Is 290280235985 prime?
False
Is 2062964287 composite?
False
Is 1182720157 a prime number?
True
Is 680360293 prime?
True
Is 2363732089 composite?
True
Is 2938939013 composite?
True
Is 3055042301 a prime number?
False
Is 125362597 composite?
False
Is 3324119377 prime?
False
Is 64901600041 a composite number?
True
Is 4441605865 prime?
False
Is 12391297 composite?
False
Is 118310821 a composite number?
False
Is 10357801507 a composite number?
True
Is 30832901129 a prime number?
True
Is 937454047 prime?
True
Is 3468900877 prime?
False
Is 814539107 a prime number?
True
Is 6573285239 composite?
True
Is 73453142327 prime?
True
Is 1174831153 composite?
True
Is 17998190885 a prime number?
False
Is 230486741 prime?
True
Is 7202116321 a composite number?
False
Is 748162817 a composite number?
True
Is 969906631 a composite number?
False
Is 48187892689 a composite number?
False
Is 77711317 a composite number?
False
Is 6404317523 prime?
True
Is 5399984011 a prime number?
True
Is 101614120583 prime?
True
Is 35739550243 a composite number?
True
Is 72774933271 a composite number?
False
Is 3258214969 a prime number?
True
Is 28666029113 prime?
False
Is 331339793 prime?
False
Is 2397025951 a composite number?
False
Is 308621354189 composite?
False
Is 100121017 a prime number?
False
Is 333928871 a prime number?
False
Is 226320359453 a prime number?
False
Is 6812426807 prime?
True
Is 121529588519 a composite number?
True
Is 22500982663 a prime number?
True
Is 23699677223 a composite number?
True
Is 1951526449 a composite number?
False
Is 1220028067 a composite number?
False
Is 171929897 a composite number?
False
Is 21240056933 a composite number?
True
Is 1196808629 a prime number?
True
Is 375519119 prime?
True
Is 2081256019 a composite number?
True
Is 32703072719 a composite number?
False
Is 14637890387 a prime number?
False
Is 3922673914 a composite number?
True
Is 24829339583 composite?
False
Is 38314187111 prime?
True
Is 18605819 prime?
False
Is 14673734981 a composite number?
False
Is 17882186969 prime?
False
Is 56495823311 composite?
True
Is 218065363 a prime number?
False
Is 3316169287 prime?
False
Is 55900751 prime?
True
Is 2093965691 prime?
True
Is 10191464221 composite?
True
Is 1856007093 composite?
True
Is 42618781 a prime number?
True
Is 8419248503 a composite number?
False
Is 260232570997 a composite number?
True
Is 104949074509 a composite number?
True
Is 1709509771 prime?
True
Is 11976467 a composite number?
False
Is 64692625237 a composite number?
False
Is 58263159314 prime?
False
Is 2206456607 composite?
True
Is 137242997 a composite number?
True
Is 1974009833 prime?
False
Is 4139784787 a prime number?
False
Is 94635689353 prime?
True
Is 115395560719 prime?
False
Is 409929379 a composite number?
True
Is 76033984137 a composite number?
True
Is 26419576993 a prime number?
True
Is 5595031703 a prime number?
False
Is 52420187503 composite?
True
Is 10550531029 composite?
True
Is 2067278207 prime?
False
Is 74487139 a composite number?
False
Is 30569742521 composite?
False
Is 39361462181 composite?
False
Is 2561901413 composite?
False
Is 925570033 composite?
True
Is 2642158499 a prime number?
False
Is 615436153 a composite number?
False
Is 740103151 a prime number?
False
Is 128437906 composite?
True
Is 4084972547 a composite number?
False
Is 1242768041 a composite number?
False
Is 40640311 a composite number?
False
Is 48628691877 composite?
True
Is 4416772135 a prime number?
False
Is 107853182381 composite?
True
Is 793447349 a composite number?
True
Is 85024913231 composite?
False
Is 111908021 a prime numbe